 311*k**2 + 77*k - 977. Give g(12).
91
Let n(v) = -v**3 - 32*v**2 - 437*v - 14192. Determine n(-32).
-208
Let b(p) = -3*p**2 + 1057*p + 20818. Calculate b(371).
42
Let m(h) = -2*h**3 + 27*h**2 - 39*h + 169. Calculate m(12).
133
Let c(w) = 96602*w + 1738765. Calculate c(-18).
-71
Let j(o) = 186*o - 14440. What is j(75)?
-490
Let n(h) = h**3 + 30*h**2 + 236*h + 598. Give n(-4).
70
Let g(l) = -16814*l - 201789. What is g(-12)?
-21
Let j(d) = d**3 - 96*d**2 + 506*d - 261. Give j(5).
-6
Let s(g) = 7396*g - 37180. Give s(5).
-200
Let l(k) = -10458*k + 10709011. What is l(1024)?
19
Let a(h) = -h**3 - 36*h**2 + 2242*h + 79715. Give a(-35).
20
Let p(b) = -5*b**2 + 233*b + 1569. What is p(-7)?
-307
Let o(k) = -k**3 - 86*k**2 - 253*k - 331. Calculate o(-83).
1
Let n(z) = -110*z + 1757. Determine n(17).
-113
Let w(n) = -20528*n - 20502. What is w(-1)?
26
Let s(q) = 2*q**3 - 589*q**2 - 2217*q + 738218. Calculate s(294).
-16
Let b(n) = -14*n - 1194. Calculate b(-96).
150
Let u(a) = -3*a**3 - 68*a**2 + 167*a + 5809. Calculate u(-22).
1167
Let f(h) = -69983*h - 279851. Determine f(-4).
81
Let z(l) = -104*l - 618. Calculate z(0).
-618
Let f(q) = 2*q**3 - 75*q**2 - 58*q + 3328. Calculate f(37).
-187
Let w(b) = -b**3 + 302*b**2 - 16860*b + 32770. Calculate w(229).
23
Let n(b) = -4219708*b - 21098540. Give n(-5).
0
Let r(a) = -3*a**3 - 4*a**2 + 127*a - 570. Give r(4).
-318
Let c(m) = -46368*m - 185499. Give c(-4).
-27
Let d(i) = -75*i**2 + 3079*i - 76. Give d(41).
88
Let q(f) = 2271*f + 6848. What is q(-3)?
35
Let n(i) = 3*i**3 + 296*i**2 - 94*i + 1067. Give n(-99).
572
Let r(c) = -5015*c - 40032. Give r(-8).
88
Let l(u) = 10*u**2 - 49*u - 123. What is l(6)?
-57
Let n(d) = d**3 - 304*d**2 + 17*d - 5211. Determine n(304).
-43
Let a(o) = 4*o**2 - 529*o - 19420. Calculate a(-30).
50
Let q(c) = 41*c**2 + 2712*c + 73. What is q(-66)?
-323
Let y(b) = -1130675*b - 6784033. Determine y(-6).
17
Let s(d) = -5*d**2 - 1179*d - 5477. Give s(-231).
67
Let v(f) = f**2 - 140*f - 6859. Give v(179).
122
Let s(f) = -405*f**2 + 317923*f + 1561. What is s(785)?
-9
Let a(m) = -m**3 + 936*m**2 + 17177*m - 4770. Give a(954).
0
Let s(a) = 745*a - 2237. Determine s(4).
743
Let t(k) = -23*k**3 - 105*k**2 + 121*k - 17. Calculate t(1).
-24
Let x(a) = -8*a**2 - 365*a + 587. Calculate x(-48).
-325
Let v(m) = 184*m - 925. Give v(2).
-557
Let l(s) = -6*s**2 - 3164*s - 359101. What is l(-362)?
3
Let u(a) = -6*a**3 + 3746*a**2 + 53645*a + 5. Give u(-14).
-345
Let b(y) = 8*y**2 - 1836*y + 24946. Calculate b(215).
6
Let v(u) = 3*u**3 + 96*u**2 - u - 125. What is v(-32)?
-93
Let z(u) = -76443*u + 11. Calculate z(0).
11
Let k(r) = -3348*r - 274559. Determine k(-82).
-23
Let z(p) = -175*p**2 + 2596*p - 2035. What is z(14)?
9
Let c(s) = -s**3 - 61*s**2 - 111*s - 110. Calculate c(-59).
-523
Let f(l) = -l**3 + 171*l**2 + 3401*l - 25. Determine f(-18).
-7
Let d(k) = 5*k**2 + 119*k - 2717. Calculate d(-38).
-19
Let k(q) = 16*q**2 - 876*q + 16. What is k(0)?
16
Let t(l) = 3*l**3 + 74*l**2 + 234*l + 2. What is t(-3)?
-115
Let d(b) = 30*b**3 + 14997*b**2 - 1505*b - 2445. What is d(-500)?
55
Let w(t) = 12*t**3 + 7097*t**2 + 2951*t - 2376. Give w(-591).
-12
Let b(m) = -m**3 - 14*m**2 + 159*m - 415. Give b(-22).
-41
Let y(p) = -2528*p - 707861. Give y(-280).
-21
Let p(c) = -1112*c + 7433. What is p(9)?
-2575
Let g(q) = 526*q - 33762. Determine g(62).
-1150
Let f(w) = 5*w**3 - 192*w**2 + 2944*w - 108993. What is f(38)?
-9
Let n(k) = -256*k - 62. Determine n(8).
-2110
Let o(d) = 79*d**2 + 235*d - 17. What is o(-4)?
307
Let t(d) = 5*d**2 - 69*d + 471. Give t(7).
233
Let q(y) = y**2 + 470*y - 106358. Calculate q(167).
21
Let a(u) = -2594*u**3 - 27*u**2 - 30*u - 2. What is a(-1)?
2595
Let m(k) = 157*k + 3991. Determine m(-43).
-2760
Let s(r) = r**3 + 46*r**2 + 521*r + 468. Give s(-17).
-8
Let y(k) = -8532*k + 17064005. Give y(2000).
5
Let h(l) = 47*l + 5253. Determine h(-112).
-11
Let z(c) = -11375*c - 363995. Calculate z(-32).
5
Let g(n) = -62*n**2 + 2038*n + 56. Give g(33).
-208
Let d(l) = -l**3 + 702*l**2 + 2131*l + 47. What is d(-3)?
-1
Let b(a) = a**3 + 32*a**2 - 2532*a + 13827. Determine b(6).
3
Let y(n) = -8*n**3 + 25*n**2 + 117*n - 366. Determine y(3).
-6
Let t(w) = w**3 - 89*w**2 + 25*w - 36925. Determine t(93).
-4
Let a(i) = 4*i**3 - 894*i**2 + 2226*i - 3531. Give a(221).
5
Let v(h) = -3*h**3 - 70*h**2 + 97*h + 1382. What is v(-24)?
206
Let h(i) = -14*i**3 + 7*i**2 - 44*i + 6. Calculate h(4).
-954
Let p(i) = 5108*i + 296514. Determine p(-58).
250
Let o(a) = 4*a**3 - 92*a**2 - 77*a + 2095. Calculate o(23).
324
Let h(c) = c**3 + 13*c**2 - 188*c + 2909. Determine h(-25).
109
Let i(f) = -2085*f - 164159. Calculate i(-79).
556
Let w(d) = -7*d**3 + 4*d**2 - 3384*d - 6777. Calculate w(-2).
63
Let i(k) = -2*k**2 + 131*k - 925. Give i(36).
1199
Let t(l) = 4*l**2 + 56*l - 6641. Give t(-50).
559
Let i(b) = -31*b**3 - 4*b**2 + 2*b + 4. Determine i(-1).
29
Let a(f) = 71*f**2 - 2545*f - 355. Determine a(36).
41
Let u(j) = 165181*j - 4625074. Give u(28).
-6
Let z(g) = -g**3 - 286*g**2 - 12529*g - 15. Calculate z(-232).
217
Let t(q) = q**3 - 47*q**2 - 301*q + 531. Give t(-7).
-8
Let n(t) = -2*t**3 - 18*t**2 + 228*t - 483. Give n(3).
-15
Let d(n) = 672*n - 44143. What is d(66)?
209
Let j(q) = 699*q + 17315. Give j(-23).
1238
Let g(p) = -32*p + 850. What is g(63)?
-1166
Let d(v) = -4894*v + 161530. Give d(33).
28
Let c(q) = -2717*q**2 + 2*q + 26. What is c(0)?
26
Let q(r) = -20*r**2 + 4572*r - 35273. Give q(8).
23
Let m(z) = -147*z**2 - 288*z + 15. Determine m(-3).
-444
Let c(r) = 29*r**2 - 37*r - 533. Give c(-11).
3383
Let z(h) = -133*h - 1317. Calculate z(-4).
-785
Let v(o) = 8785*o - 35939. Calculate v(4).
-799
Let j(h) = 6255*h + 36515. Determine j(-6).
-1015
Let j(p) = -71*p**3 + 2*p**2 - 5*p + 270. What is j(0)?
270
Let g(j) = -12*j**2 - 696*j - 3724. What is g(-52)?
20
Let a(l) = -72*l**3 - 146*l**2 - 196*l - 388. Calculate a(-2).
-4
Let d(p) = 1396*p - 75528. Give d(53).
-1540
Let d(f) = 1198666*f + 2397334. Give d(-2).
2
Let c(p) = -p**3 - 50*p**2 - 227*p + 1784. Calculate c(4).
12
Let w(b) = 1992*b + 39866. What is w(-20)?
26
Let a(d) = -35691*d - 1142318. Give a(-32).
-206
Let o(p) = -220*p**3 - 1315*p**2 - 746*p - 4650. Give o(-6).
6
Let l(q) = 20550*q - 144094. Calculate l(7).
-244
Let m(b) = -2*b**3 + 26*b**2 - 34*b + 419. Determine m(14).
-449
Let h(v) = -974*v**2 + 2624*v + 2624. Determine h(-1).
-974
Let v(g) = -29*g**2 + 41*g + 84. Give v(-1).
14
Let f(j) = -8*j**3 - 48*j**2 + 369*j + 2237. Determine f(-6).
23
Let p(m) = 30*m**2 + 829*m - 335. Calculate p(-28).
-27
Let i(b) = 2941*b - 23556. Calculate i(8).
-28
Let o(v) = 23794*v - 95232. Determine o(4).
-56
Let z(r) = -1091*r - 332758. Calculate z(-305).
-3
Let l(m) = 1327*m + 22525. Calculate l(-17).
-34
Let d(n) = -27*n + 579. What is d(21)?
12
Let d(m) = -30490*m + 7195631. What is d(236)?
-9
Let l(s) = -s**3 + 568*s**2 + 100*s. What is l(0)?
0
Let j(k) = -3*k**2 - 268*k + 3313. Determine j(11).
2
Let p(o) = 3*o**2 + 124*o + 12. Calculate p(-8).
-788
Let b(x) = 11*x**2 - 372*x + 1839. Give b(6).
3
Let k(u) = 12*u**2 + 247*u + 1328. Give k(-12).
92
Let t(a) = a**2 + 44*a + 325. Calculate t(-11).
-38
Let f(u) = 9*u**2 + 448*u + 404. What is f(-48)?
-364
Let l(u) = u**3 + 248*u**2 - 236*u + 3155. Give l(-249).
-82
Let l(t) = -126*t + 3038. Determine l(8).
2030
Let j(w) = 8*w**3 + 137*w**2 - 26*w - 63. What is j(-17)?
668
Let n(h) = -105*h - 8825. Give n(-75).
-950
Let h(b) = -48*b**2 - 488*b + 2918. What is h(6)?
-1738
Let c(n) = n**3 + 1603*n**2 + 640590*n - 5069. What is c(-844)?
-5
Let r(n) = 5*n**2 + 455*n + 4346. Determine r(-10).
296
Let r(t) = -135*t**2 - 10680*t - 1193. What is r(-79)?
-8
Let v(g) = 4*g**3 - 14*g**2 + 53*g - 159. Give v(4).
85
Let k(n) = -3*n**2 + 1882*n + 54362. Calculate k(655).
-3
Let z(n) = n**3 - 2*n**2 - 80*n + 432. Give z(0).
432
Let c(z) = 2943*z - 297222. What is c(101)?
21
Let x(q) = 81*q**2 + 32*q + 257. What is x(6)?
3365
Let v(n) = -1015*n - 70057. What is v(-69)?
-22
Let n(q) = 3*q**3 + 29*q**2 - 286*q + 14. Calculate n(6).
-10
Let v(x) = x**2 - 72*x - 5939. Determine v(-49).
-10
Let z(h) = -30289*h + 424949. Determine z(14).
903
Let o(g) = -32*g + 3453. Give o(104).
125
Let u(r) = 36272*r - 18462440. Determine u(